 = 12 + -5. What is n(r)?
-6
Let k(j) = -24*j + 102. Let r(x) = 5*x - 20. Let n(c) = 3*k(c) + 14*r(c). Suppose u + 3*i - 15 = 0, 4*i - 102 = -5*u - 38. Calculate n(u).
2
Let h(f) = f**2 - 3*f + 14. Suppose 9*z + 8 = -2*r, 5*r - 33 = 14*z - 10*z. Give h(r).
24
Let f(w) = w**2 - 5*w + 1. Let k be 6 - (-5 - 186/(-6)). Let o be 8/k + 3 + 24/10. Determine f(o).
1
Let f(w) = -w**2 + 2. Let r = -29 - -41. Suppose -5*u + k = -8, 2*u = -2*k - 2*k + r. Suppose -6*g + u*g = 4*i + 12, -g = 4*i + 12. Calculate f(g).
2
Let b(p) = -p**3 - 21*p + 8. Let n(w) = w**2 + 2*w. Let h(f) = -b(f) - 7*n(f). What is h(6)?
-2
Let h(t) = 8*t**2 + 4*t + 2. Let r(c) = -2*c**2 - c - 1. Let j(m) = h(m) + 3*r(m). Let g(u) = 3*u**2 - 7*u - 10. Let w(y) = g(y) - 2*j(y). What is w(-7)?
6
Let i be (-8)/(-2) - (2 - -2)*3. Let b(k) = 2*k**3 + 15*k**2 - 8*k - 9. What is b(i)?
-9
Suppose -2*w - 2*m = -16, -2702*w + 3*m - 12 = -2703*w. Let h(u) = -9*u + 4. Determine h(w).
-50
Let t(b) be the third derivative of -60 - 3*b**2 + 3/10*b**5 + 11/3*b**3 + 3/4*b**4 + 0*b - 1/120*b**6. Give t(19).
3
Let i(d) = d**3 + 17*d**2 + 15*d - 13. Let v be i(-14). Let l(f) = -2 + 365*f - 725*f + v*f. Suppose -3*z + 4 = -z. Calculate l(z).
8
Let u(d) = 33*d - 48. Let s(x) = -93*x + 146. Let y(m) = -3*s(m) - 8*u(m). Give y(4).
6
Let y = -339 - -480. Suppose 13 = -11*l - y. Let f be 4*-1 + l*3/6. Let k(i) = i**2 + 9*i - 16. Calculate k(f).
6
Suppose 0 = -q - y + 4, 4*q + 2*y - 32 = 6*y. Let b = -103 + 105. Let k(o) = -15 - 18 + o**2 + 6*o - 2*o**b + 31. Calculate k(q).
-2
Let z(c) = -4*c - 2. Suppose -27*f - 13*f = -40. Let r(a) = -a + 1. Let w(y) = f*z(y) - 3*r(y). Determine w(-3).
-2
Let f(n) = n**3 - n**2 - n - 8. Let c(k) = -181*k**3 + 2*k**2 - k. Let u be c(1). Let j = u - -180. Calculate f(j).
-8
Let m(c) be the third derivative of c**6/10 + c**5/30 + 5*c**4/24 + c**3/2 + 127*c**2 - 2*c. Give m(-1).
-12
Suppose 5*j - 4*u = 7*j + 320, 774 = -5*j + 3*u. Let d = -150 - j. Let a(v) = 7*v**2 - v**3 - 6*v + v + 2*v - 7. Give a(d).
11
Suppose 0 = -2427*q + 2444*q - 51. Let t(r) be the third derivative of 0*r + 5*r**2 - 1/12*r**4 + 7/6*r**q - 4. Determine t(5).
-3
Let b(j) = -j - 3. Let h(o) = -31*o + 30. Let r(g) = 6*b(g) - h(g). Determine r(2).
2
Let v(b) be the third derivative of -b**6/12 - b**5/60 - b**4/12 - b**3/6 + 11*b**2 + 7. Suppose -8 = -r + 3*g, 14 = 3*r - 5*g + 2. Calculate v(r).
10
Let q(f) be the third derivative of -f**6/120 + f**5/12 - f**4/24 - f**3/3 - 2*f**2. Let d = -9 + 12. Suppose -d = -30*t + 29*t. Calculate q(t).
13
Let f(t) = -t**2 + t + 1. Suppose -19*q - 2 = 2*b - 15*q, -12 = 3*b - 3*q. Let h(p) = 2*p**2 + 6*p - 1. Let m be h(b). Calculate f(m).
-1
Let r = -141 + 163. Suppose 0 = -5*j + 4*p + r, j - p = -3*p - 4. Let l(s) = -s**2 - 2*s - 1. Determine l(j).
-9
Let u(r) = 8*r**2 - 59*r - 1. Let s(z) = -169*z - 10302. Let k be s(-61). Give u(k).
-22
Suppose 1 = 5*b + 11, -2*p = -4*b - 14. Let u(r) = 2*r - 2*r - r + r**2 - 1. Calculate u(p).
5
Let m(h) = 29*h - 266. Suppose 2808 = 313*k - k. What is m(k)?
-5
Let b be (-35)/30 + (-174)/36. Let m(d) = d**3 + 5*d**2 - 4*d + 13. Calculate m(b).
1
Let k = 3965 + -3962. Let y(w) = 4*w - 6*w + 11*w + 0*w - 1. Give y(k).
26
Let n be (0 - 2)/(5/(-30) - 0). Suppose 8*f = 36 - n. Let t(g) = g + 2*g - 4*g + 0*g. Give t(f).
-3
Let f = 6320 + -6320. Let x(y) be the second derivative of y - 3*y**2 + f - 1/2*y**3. What is x(-4)?
6
Let k(a) = a**2 - 6*a + 16. Let c be -2*82/(-24) - (436/(-24) + 18). Give k(c).
23
Let l(i) = -7*i**2 - 5*i - 25. Let q(d) = -5*d**2 - 2*d - 26. Let h(t) = 2*l(t) - 3*q(t). Determine h(5).
33
Let u = -645 - -641. Let k(g) = -g**2 - 6*g + 8. Let l(c) = 7*c - 10. Let t(i) = u*k(i) - 3*l(i). Give t(2).
20
Let a(t) = -t**3 - 2*t - 12. Let c(h) = h**3 + 4*h**2 + 5*h + 28. Let y(r) = 2*a(r) + c(r). Suppose -2*l = 3*x - 11, -7*x + 3*x + 4 = 0. Determine y(l).
8
Suppose 0 = 2*i, -5*i - 11 = 33*b - 34*b - 4*i. Let q(d) = d**3 - 11*d**2 - d + 9. Give q(b).
-2
Let r(k) = k**3 + 3*k**2 - 4*k + 4. Let l be 14*7/((-28)/(-6)). Suppose -8 = -l*x + 23*x. Determine r(x).
4
Let q(m) = -380 + 11*m + 1304 - 360 - 337 - 393. Calculate q(15).
-1
Let j(x) = -5*x**3 + 7*x**2 - 3*x + 26. Let n(c) = -18*c**3 + 20*c**2 - 13*c + 76. Let m(i) = -7*j(i) + 2*n(i). Determine m(-9).
15
Let t(i) = -i**3 + 15*i**2 - 16*i + 19. Suppose -16*k = -5*k - 2145. Suppose 199*r - 56 = k*r. What is t(r)?
-9
Suppose 0 = 5*j + 3*m - 362, 8*j - 4*m - 77 = 7*j. Let v = -67 + j. Suppose -v*i = -0 - 12. Let s(q) = -q**3 + 4*q**2 + 2*q - 2. What is s(i)?
10
Let f(b) = 13*b**2 - 16*b - 131. Let m(c) = -21*c**2 + 26*c + 211. Let g(s) = 29*f(s) + 18*m(s). Let x be (-4)/(-14) + (-38)/(-14). Calculate g(x).
2
Let x(u) = -1. Let k(t) = -5*t + 10. Let j(w) = -k(w) - 30*x(w). Let o be j(-5). Let g(y) = -y**3 - 4*y**2 + 3*y - 3. Give g(o).
7
Let x(u) = 11*u**2 + u - 1. Let i be x(2). Let r(k) = 26*k**3 + 22*k**3 - 3*k**2 + 1 - i*k**3 + k**2. Determine r(-1).
-4
Let u(f) = -4*f. Let r(h) be the second derivative of -5*h**3/3 + h**2/2 - 5*h - 5. Let x(k) = -r(k) + 2*u(k). Calculate x(-3).
-7
Let d(q) = 5*q - 10. Let u = 755 - 769. What is d(u)?
-80
Suppose -3 + 23 = 10*a. Let z(w) = w**3 - 6*w**2 + 4*w + 7. Let u be z(5). Let t(v) = -2*v - u*v + 3*v. Give t(a).
-2
Let y(a) = -54*a - 513. Let m(o) = -26*o - 252. Let t(x) = -7*m(x) + 3*y(x). Calculate t(-11).
5
Let h(q) = 88*q + 1229. Let p be h(-14). Let i(v) = v**3 + 2*v**2 - 12*v - 20. Determine i(p).
7
Let u(k) = -k + 11. Let z be u(-6). Suppose -4*r = -2*f + 25 + z, 0 = 4*r - 3*f + 39. Let q = r - -15. Let a(t) = t**2 - 3*t - 2. Calculate a(q).
-2
Let m(b) = 4*b - 1. Let s be m(1). Let a(l) = 4*l - 10. Let f be a(s). Let h(w) = -f + 7 + w - 1 - 5. Calculate h(7).
6
Let r(m) = 6*m + 1. Suppose 0*b - 5*b - c = 110, -3*c - 120 = 5*b. Let h(w) = w. Let o(x) = b*h(x) + 3*r(x). Let z = -183 + 180. Calculate o(z).
12
Let w(l) = -9*l**3 - 29*l**2 - 8*l - 52. Let t(c) = -22*c**3 - 69*c**2 - 20*c - 130. Let b(r) = -7*t(r) + 17*w(r). Calculate b(9).
-19
Let o(z) = 11*z**2 - z. Let l(f) = -4*f**3 + 23*f**2 + f + 1. Let y(h) = l(h) - 2*o(h). What is y(-1)?
3
Let p be (-4)/3*((-30)/240 + (-26)/(-16)). Let l(i) = -i + 4*i + 2*i**3 + 3*i**2 + 2*i - 4*i - 1. Give l(p).
-7
Let f(r) = 14*r + 2*r**3 - r**3 + 15*r**2 - 5 + 0*r**3. Let i(w) = -1007*w + 50336. Let x be i(50). Calculate f(x).
-5
Suppose -3*y = 2*y - 195. Let b = 2369 + -2407. Let z = y + b. Let s(f) = -6*f**3 + f**2 - 2*f + 1. Give s(z).
-6
Let q(w) be the second derivative of w**3/3 + 17*w**2/2 + w + 2608. Let m be -2 - (-2 - -2) - 6. Determine q(m).
1
Let t(s) be the third derivative of 167*s**2 + 1/60*s**5 + 1/120*s**6 - 1/6*s**3 + 0 - 1/24*s**4 + 0*s. What is t(-2)?
-3
Suppose 2*g - 36 - 78 = 0. Let o be 63/(-84)*464/(-6). Let d(s) = g*s - 1 + 4 - o*s. Determine d(3).
0
Let s(i) = 2*i + 8 + 0*i - 3*i. Suppose -10*p - 16*p = -6786. Let c be 1450/p + (-4)/(-9). Determine s(c).
2
Let j(m) = m**3 - 11*m**2 + 32*m + 8. Suppose -26*q + 16*q - 18*q = -168. Give j(q).
20
Let w(r) = -132*r - 7. Let k(q) = 210*q + 11. Let a(z) = 5*k(z) + 8*w(z). Calculate a(1).
-7
Let j(r) = 198*r + 13667. Let z be j(-69). Let n(t) = -8*t**2 + 4*t - 12. Let s(f) = -7*f**2 + 4*f - 11. Let x(l) = 6*n(l) - 7*s(l). Calculate x(z).
10
Let h(f) = 5*f**2 - 2*f + 8. Let g(k) = -5*k**2 - 3*k - 7. Let x(u) = -4*g(u) - 3*h(u). Determine x(-4).
12
Let r(k) = -k**3 + 3*k**2 + 2*k + 9. Suppose 3*q + 15 = 0, p - 70 = -11*q + 6*q. Let a be 222/57 - (-10)/p. Determine r(a).
1
Let y(u) be the second derivative of -13*u - 5/2*u**2 - 1/2*u**3 + 0. Let c be -30*(2 - 3)*(-1)/(-6). Calculate y(c).
-20
Let z(k) = 7*k**3 + 2*k - 1. Suppose 48 = 13*m - 9*m. Suppose 0 = 4*x + m, 2 = 3*t + x - 1. Suppose -j + 4*y = 2*j - 7, -4*y - t = 2*j. Give z(j).
8
Let c(d) = 8*d + 2. Let m be c(-1). Let s be 0/(-9) - (0/2 + -2). Let p(f) = -302*f**2 + 5 - 4*f + 153*f**s + 148*f**2. Determine p(m).
-7
Let l(w) be the third derivative of -w**6/120 + w**5/10 + w**2. Let n be 8/(-20) - (-216)/40. Suppose y = n*q - 3*q + 6, -2*y + 12 = -2*q. Determine l(y).
0
Let z(c) = -13*c**3 + 6*c**2 + 33. Let y(k) = -3*k**3 + 2*k**2 + 8. Let u(m) = -9*y(m) + 2*z(m). Calculate u(6).
-6
Let k = -1958 - -1964. Let y(j) = 7*j**3 - 9*j**2 + 15*j - 7. Let h(q) = 3*q**